.
-17
Let k(q) = -6*q**2 + 46*q + 312. Calculate k(-8).
-440
Let q(p) = -p**3 + 127*p**2 + 2610*p - 2. Determine q(-18).
-2
Let r(t) = -52*t + 879. Give r(16).
47
Let y(r) = r**3 + 84*r**2 - 355*r + 13. Give y(4).
1
Let f(r) = -173*r**2 - 4824*r + 561. Calculate f(-28).
1
Let a(m) = m**3 - 4*m**2 + 8*m - 27. Give a(4).
5
Let t(q) = 12*q + 264. Determine t(-19).
36
Let g(t) = -3*t**2 - 4*t + 507. Calculate g(14).
-137
Let i(g) = -2922*g - 11619. Give i(-4).
69
Let a(g) = g**2 + 191*g + 2476. Give a(-14).
-2
Let w(c) = -c**3 + 33*c**2 - 112*c - 2. What is w(4)?
14
Let d(z) = z**3 + 264*z**2 + 15740*z - 271. Determine d(-91).
2
Let b(f) = 10*f**3 + 29*f**2 - 44*f + 4. Calculate b(-4).
4
Let m(l) = 5*l**2 - 10214*l - 20446. Calculate m(-2).
2
Let r(t) = 3*t**3 + 51*t**2 - 64*t - 181. Give r(-18).
-1
Let b(l) = 65*l - 1772. Calculate b(27).
-17
Let h(q) = 27*q + 388. What is h(-15)?
-17
Let k(r) = -85*r - 938. Calculate k(-11).
-3
Let i(c) = 8*c - 383. Give i(19).
-231
Let i(y) = 4*y**3 - 5*y**2 + 7*y + 9. Determine i(4).
213
Let q(o) = 19*o - 163. Determine q(9).
8
Let y(n) = -3*n**2 - 272*n + 37525. Determine y(-166).
9
Let a(g) = g**3 + 549*g**2 + 1660*g + 12013. Calculate a(-546).
1
Let q(t) = 142*t - 104. Give q(4).
464
Let a(w) = w**3 + w**2 - 26*w + 8. Give a(-6).
-16
Let c(a) = -9*a + 1014. Determine c(113).
-3
Let y(v) = 46*v**2 - 1483*v + 340. Give y(32).
-12
Let u(l) = l**2 - 579*l - 5327. Give u(-9).
-35
Let r(y) = y**2 + 94*y - 3885. Calculate r(31).
-10
Let s(t) = t**3 - 15*t**2 + 17*t + 111. Determine s(13).
-6
Let m(v) = -v**2 - 53*v - 602. Determine m(-17).
10
Let n(k) = k**2 - 5*k - 17. Calculate n(19).
249
Let v(d) = -d**2 + 48*d - 511. Calculate v(25).
64
Let f(k) = -k**3 - 2*k**2 + 29*k - 37. Calculate f(3).
5
Let j(s) = s**3 + 7*s**2 - 8*s + 34. Give j(-7).
90
Let c(h) = -2*h**2 + 8*h - 18. What is c(8)?
-82
Let w(d) = -179*d + 681. Calculate w(4).
-35
Let o(y) = -33*y + 813. Determine o(24).
21
Let f(j) = 51*j - 4798. Determine f(94).
-4
Let u(t) = -2*t**3 - 47*t**2 - 12*t + 245. What is u(-23)?
-8
Let j(f) = 105*f - 495. Give j(5).
30
Let d(w) = -1990*w + 15916. Give d(8).
-4
Let a(g) = -2*g**3 - 4*g**2 + 427*g + 1279. Calculate a(-3).
16
Let h(x) = -9*x**2 + 52*x + 46. What is h(8)?
-114
Let s(w) = -22*w - 491. Determine s(-22).
-7
Let a(w) = 5*w - 328. Calculate a(50).
-78
Let b(k) = -133*k - 3730. Determine b(-28).
-6
Let q(j) = 2*j**3 + 39*j**2 + 184*j + 4. What is q(-9)?
49
Let s(p) = p**3 - 36*p**2 - 11*p + 390. Determine s(36).
-6
Let o(d) = -15*d + 345. What is o(25)?
-30
Let o(h) = -2*h**3 - 6*h**2 + 33*h + 71. Calculate o(-2).
-3
Let q(l) = -3*l**2 + 262*l + 733. Determine q(90).
13
Let k(a) = 2*a**3 + 65*a**2 - 49*a - 116. Give k(-33).
412
Let b(w) = 274*w + 1632. Determine b(-6).
-12
Let a(d) = -3*d**3 - 52*d**2 + 148*d + 4. Determine a(3).
-101
Let m(b) = 8*b**2 - 163*b - 338. Determine m(-2).
20
Let a(c) = -563*c + 1122. Determine a(2).
-4
Let c(r) = -14*r - 591. What is c(-43)?
11
Let g(m) = -126*m - 639. Calculate g(-5).
-9
Let u(r) = 6*r**2 + 80*r + 86. Give u(-12).
-10
Let l(b) = -2*b**2 + 31*b + 188. Determine l(-11).
-395
Let s(m) = m**3 + m**2 - 11*m - 4. Calculate s(-4).
-8
Let h(z) = -2*z + 218. Determine h(39).
140
Let r(v) = -19*v - 269. Calculate r(-20).
111
Let i(u) = u**3 - 75*u**2 + 1323*u + 476. What is i(46)?
-30
Let x(z) = z**3 - 47*z**2 - 152*z + 103. Calculate x(50).
3
Let b(j) = -21*j**2 + 18*j + 17. Determine b(-1).
-22
Let v(m) = 62*m - 2081. Determine v(34).
27
Let s(q) = 89*q - 2667. Give s(30).
3
Let j(f) = 13*f - 396. Calculate j(30).
-6
Let y(j) = 65*j - 298. Give y(4).
-38
Let w(c) = -c**2 - 22*c + 618. Calculate w(18).
-102
Let g(p) = -9*p - 27. Calculate g(17).
-180
Let x(r) = r**3 - 6*r**2 - 10*r + 65. Calculate x(5).
-10
Let i(l) = -10*l**2 - 195*l - 495. Calculate i(-3).
0
Let g(f) = -f**3 - 44*f**2 - 461*f + 33. What is g(-27)?
87
Let i(c) = 160*c + 182. Calculate i(-1).
22
Let c(u) = 2*u**3 - 10*u**2 - 470*u - 27. What is c(-13)?
-1
Let p(s) = -16*s**3 - s**2 - 21*s - 28. Calculate p(-4).
1064
Let a(z) = 57*z - 49. Give a(11).
578
Let a(g) = 20*g + 4. Determine a(2).
44
Let v(x) = 90*x - 3974. Determine v(44).
-14
Let w(n) = 36*n - 122. Calculate w(3).
-14
Let j(o) = o**3 - 2*o**2 - 54*o + 53. What is j(8)?
5
Let g(o) = 28*o + 424. What is g(-10)?
144
Let n(z) = 24*z + 536. Calculate n(-25).
-64
Let m(s) = 106*s + 1481. Determine m(-14).
-3
Let y(n) = 315*n - 8190. What is y(26)?
0
Let c(q) = -2*q**3 - 7*q**2 - 8*q + 11. What is c(-4)?
59
Let c(l) = 5*l**3 - 316*l**2 - 582*l - 83. Calculate c(65).
112
Let g(u) = -358*u + 2342. Give g(6).
194
Let u(k) = k**3 - 16*k**2 + 15*k - 14. Give u(12).
-410
Let g(p) = -p**3 - 33*p**2 + 723*p + 90. Calculate g(-48).
-54
Let n(v) = -176*v - 189. What is n(1)?
-365
Let m(h) = 2*h**2 + 46*h - 102. Give m(-25).
-2
Let j(g) = 1517*g - 12134. What is j(8)?
2
Let t(g) = -58*g - 263. Calculate t(-6).
85
Let a(o) = 830*o + 15782. Give a(-19).
12
Let b(h) = h**3 - h**2 - 14*h - 24. What is b(5)?
6
Let i(o) = -11*o + 92. Determine i(9).
-7
Let m(z) = -z**2 - 52*z - 495. What is m(-17)?
100
Let o(k) = -k**2 + 17*k - 72. Give o(11).
-6
Let a(v) = -39*v**2 + 239*v + 8. Calculate a(6).
38
Let p(f) = -f**2 + 76*f - 716. Calculate p(11).
-1
Let z(h) = 195*h + 1733. What is z(-9)?
-22
Let f(n) = -27*n - 105. Determine f(-6).
57
Let a(n) = 293*n - 1187. Give a(4).
-15
Let w(k) = 138*k + 2077. Determine w(-15).
7
Let n(s) = -s**3 + 43*s**2 + 47*s - 151. Give n(44).
-19
Let d(u) = 1617*u + 4856. Calculate d(-3).
5
Let j(b) = -b**3 + 26*b**2 - 14*b + 332. Determine j(26).
-32
Let z(l) = 12*l - 534. What is z(45)?
6
Let w(i) = -i**3 + 6*i**2 + 4*i - 22. Calculate w(-3).
47
Let u(q) = -3*q**3 + 14*q**2 + 66*q - 2. What is u(-4)?
150
Let y(n) = n**3 + 25*n**2 - 171*n + 106. What is y(5)?
1
Let i(t) = 36*t - 30. Give i(6).
186
Let i(l) = l**2 + 158*l - 1393. Give i(9).
110
Let i(m) = 2*m**2 - 57*m - 4853. Calculate i(-37).
-6
Let x(n) = 446*n + 32995. Give x(-74).
-9
Let b(a) = -a**3 + 49*a**2 - 52. What is b(49)?
-52
Let z(p) = 3*p**3 + 3*p**2 + 7*p + 8. Calculate z(-3).
-67
Let g(n) = 323*n + 123389. What is g(-382)?
3
Let t(k) = 242*k + 4835. What is t(-20)?
-5
Let v(a) = -7*a**2 + 257*a + 52. What is v(37)?
-22
Let k(s) = -3*s**3 + 40*s**2 - 45*s + 94. What is k(11)?
446
Let c(f) = -f**3 + 5*f**2 - 12*f + 18. Determine c(6).
-90
Let l(k) = -35*k - 356. What is l(-14)?
134
Let z(c) = -27*c**2 + 4*c - 4. Give z(-2).
-120
Let s(o) = -122*o**2 - 4*o - 2. Determine s(-1).
-120
Let d(i) = 2*i**3 - 12*i**2 - 3*i + 54. Give d(9).
513
Let x(h) = -h**3 + 33*h**2 + 14*h - 95. Determine x(33).
367
Let c(m) = -m**2 + 219*m + 6078. Calculate c(-25).
-22
Let u(s) = -s**2 + 92*s + 281. What is u(95)?
-4
Let l(h) = -3*h**2 + 84*h - 289. Determine l(24).
-1
Let a(o) = 124*o - 865. What is a(7)?
3
Let c(x) = -x**3 + 16*x**2 - 39*x - 86. Determine c(13).
-86
Let a(h) = 2*h**3 + 46*h**2 + 26*h - 127. Calculate a(-23).
-725
Let b(k) = 568*k - 17. Give b(0).
-17
Let x(j) = -17*j + 425. Determine x(11).
238
Let z(f) = -264*f - 4772. What is z(-18)?
-20
Let r(g) = -g**2 + 313*g + 2900. What is r(-9)?
2
Let q(n) = 6*n**3 + 4*n**2 + 64*n + 8. Calculate q(0).
8
Let x(t) = -2*t**3 - 11*t**2 - 25*t - 2. Determine x(-5).
98
Let x(o) = o**2 + 61*o + 803. Calculate x(-39).
-55
Let h(q) = 8*q**2 + 264*q + 456. What is h(-31)?
-40
Let s(c) = c**3 + 29*c**2 - 223*c - 4. Give s(7).
199
Let n(h) = -45*h**3 + 3*h**2 - 2*h - 10. Determine n(-2).
366
Let o(n) = -n**3 - 5*n**2 + 19*n + 50. Determine o(-5).
-45
Let p(t) = -t**2 - 983*t - 7769. Calculate p(-8).
31
Let z(o) = 180*o**2 + 2211*o - 1678. What is z(-13)?
-1
Let h(b) = 376*b**2 + 93*b - 94. Calculate h(1).
375
Let q(i) = -26*i - 442. Give q(-11).
-156
Let h(b) = -b**3 + 210*b**2 - 1422*b + 208. Give h(203).
5
Let z(k) = 2*k**2 + 97*k - 941. Give z(-57).
28
Let d(y) = y**2 + 40*y + 330. Determine d(-28).
-6
Let d(y) = 43*y - 225. Give d(6).
33
Let d(l) = -2*l**2 + 47*l + 210. Give d(-4).
-10
Let v(a) = -547*a + 548. Give v(1).
1
Let m(l) = 3*l**2 - 161*l + 260. What is m(52)?
0
Let w(d) = -2*d**2 - 22*d + 68. Determine w(-13).
16
Let q(x) = 2*x**3 - 25*x**2 + 2*x - 619. Determine q(14).
-3
Let p(x) = 2*x**2 - 8*x - 37. Give p(11).
117
Le